9
Let w(h) = -3*h + 15. Let g be w(8). Let z be (3/(-9))/(1/g). Suppose -d + 40 = -4*v, -5*d + v + 112 = z*v. What are the prime factors of d?
2, 3
Suppose 5*s - 53*m = -52*m + 8590, -s + 3*m + 1704 = 0. What are the prime factors of s?
3, 191
Suppose -3*y - 19 = l, -y + 71 = -3*l + 4*y. Suppose 65*z + 155 = 60*z. Let k = l - z. What are the prime factors of k?
3
Let g(a) be the first derivative of 5*a**2 - 1 + 8*a + 1/3*a**3. List the prime factors of g(-11).
19
Suppose 5*f + 291 + 215 = 4*q, -q - 103 = f. Let t = 73 + f. What are the prime factors of -2*(-1)/(-2) - t?
2, 7
Suppose 3 = 3*x, 2*g + 0*x = -x - 119. Let o = 174 + g. What are the prime factors of o?
2, 3, 19
Let k(q) be the third derivative of -9*q**4/4 - q**3/3 - 6*q**2. List the prime factors of k(-4).
2, 107
Let p(q) = q**2 - 28*q - 21. List the prime factors of p(-11).
2, 3, 17
Let a(b) = 4*b. Suppose 0 = 3*r - 10*r + 14. What are the prime factors of a(r)?
2
Suppose z + 4 = h - 2, 2*h = -2*z - 20. Let f be (-6)/4*(-28 + z). Suppose 6*q - 3*q - f = 0. What are the prime factors of q?
2, 3
Let c = 16 + -18. Let o be (2 + 1)/(c/(-18)). Suppose 3*h + 31 = 2*k, -2*h + o + 43 = 4*k. What are the prime factors of k?
17
Let z be 20/(-35) - (1 - (-54)/(-21)). What are the prime factors of 60 - (8 - (z - -3))?
2, 7
Suppose 0 = 5703*d - 5711*d + 24528. What are the prime factors of d?
2, 3, 7, 73
Let b(q) = 112*q - 10. Let d be ((-8)/(-3))/((-2)/(-6)). Let s be b(d). What are the prime factors of (-2)/9 + s/18?
7
Let o = -28 + 33. Suppose -p - c - 61 = -2*p, o*p - 313 = -3*c. What are the prime factors of p?
2, 31
Let j be (226*3/(-8))/((-9)/24). Suppose 3*l + 3*c - 50 = j, 2*l = 4*c + 178. List the prime factors of l.
7, 13
What are the prime factors of 391 - ((-34)/(-10) - (-8)/(-20))?
2, 97
Let t = 1541 + -685. What are the prime factors of t?
2, 107
Let h be ((-22)/33)/(2/(-9)). Let t be (-83 - 3)/2*-1. Suppose -3*y + 135 = h*j, 4*y - t = 3*y - 2*j. List the prime factors of y.
47
Let r = -153 + 156. Let c(i) = 29*i**2 - 13*i + 2. List the prime factors of c(r).
2, 7
Let r(i) = -i**3 + 10*i**2 - i + 13. Let m be r(10). Suppose 8 + 2 = 2*h. Suppose 4*u = -h*c + 28, 15 = 2*u + m*c + 3. List the prime factors of u.
2, 3
Let s be -2 - 36/(-16) - (-138)/(-8). List the prime factors of (2/4)/(s/(-3434)).
101
List the prime factors of 3/(-15) + (-23701)/(-5) + 2.
2, 2371
Suppose 2*p + 3*x = -0*p + 1, -1 = p + x. What are the prime factors of ((-79)/4)/((-10 - p)/24)?
79
Let v(i) = -165*i + 43. List the prime factors of v(-3).
2, 269
Let p = 383 + -259. Let x = -43 + p. List the prime factors of x.
3
Let c(o) = 9*o + 20. Let t be c(-2). Suppose 0 = 3*s + 15, s + 4*s + 25 = 2*q. Suppose 3*f + 5*j - 85 = q, -f + 0*f + t*j + 21 = 0. List the prime factors of f.
5
Let c(o) = o**3 - 14*o**2 - 19*o + 16. Let r be c(16). Let v = -147 + r. What are the prime factors of v?
7, 11
Let x = -572 + 717. List the prime factors of x.
5, 29
Suppose 10 = -2*a, 4*a = 4*b + 2*a - 10. Let k = 28 - b. Suppose d + d = k. What are the prime factors of d?
2, 7
Suppose 3*f - 264 = 150. Suppose -8*z - f = -1930. List the prime factors of z.
2, 7
Let p = 47 + -37. Let n = p + 2. List the prime factors of n.
2, 3
Let p = 18 - 9. Suppose w - p = 3*l + l, -36 = -4*w - 4*l. List the prime factors of w.
3
Let q(p) = -p**2 + 10*p - 60. Let z(a) = -2*a**2 + 19*a - 121. Let g(b) = -5*q(b) + 2*z(b). List the prime factors of g(17).
11, 13
Let n = -8 - -6. Let p be (-2)/(-4) - (-1)/n. Suppose p*o - o = -12. What are the prime factors of o?
2, 3
Suppose -2*z - 2*y + 111 = 3*y, 5*y = 5*z - 365. List the prime factors of z.
2, 17
Let a(y) = -7*y - 1. Let k = 11 + -6. Let c be a(k). Let w = c - -59. What are the prime factors of w?
23
Suppose 24 = 4*b - b. Let u = 30 + -30. Suppose -w + u*w = -b. What are the prime factors of w?
2
Let n(k) = k - 7. Let w be n(9). Suppose w*g + 0*q - 5*q - 61 = 0, 0 = 5*g + 2*q - 109. List the prime factors of g.
23
Let b(r) = -r**3 - 9*r**2 + 21*r + 1. Let q be b(-11). Suppose 0 = -3*o - q, 2*h - 5*o = -4*o + 86. What are the prime factors of h?
41
Let v(c) = 215*c - 3. Let q be v(-1). Let o = q + 382. List the prime factors of o.
2, 41
Suppose 0*l = -3*l - 4*q - 132, -2*l - 4*q = 92. List the prime factors of (-60)/l*76/3.
2, 19
Let u = 2131 + -1089. What are the prime factors of u?
2, 521
Let b be (-14)/7*(-2 + 1). Suppose 4 + 28 = b*h. Suppose -3*j + 54 = -5*l, j = -5*l + h + 22. What are the prime factors of j?
23
Let p(w) = -w**3 + 54*w**2 - 92*w + 243. List the prime factors of p(52).
3, 17
Suppose -3*q - q = 2*g - 256, 0 = 3*g + q - 374. What are the prime factors of g?
2, 31
Let i(w) = 22*w + 494. List the prime factors of i(0).
2, 13, 19
What are the prime factors of (53606/168 + -13)*12?
3673
Suppose -y = -5*t + 3*y + 534, 5*t - 570 = -5*y. Suppose -37 = -3*d + t. What are the prime factors of d?
7
Let a = 25 - 20. Suppose 4 = -3*j - a. Let p(y) = 2*y**2 - 5*y + 6. What are the prime factors of p(j)?
3, 13
Let w = 19 + -11. Let s = 2 + w. Suppose 5*a = s*a - 170. What are the prime factors of a?
2, 17
Suppose 4*m = 3*h - 1500, 5*m = 2*h + m - 996. Suppose 45*z + h = 49*z. List the prime factors of z.
2, 3, 7
Suppose 5*h + 0*h + 715 = 2*g, -2*h = -5*g + 1756. List the prime factors of g.
2, 5, 7
Let i be -22 + 4 + -4 + 4. List the prime factors of 569/9 + 4/i.
3, 7
Let u(s) = s**3 - 2*s**2 - 2 - 5*s + 0*s**2 - s - 8*s**2. List the prime factors of u(11).
53
Suppose -137 = -3*h - 47. Suppose 5*d - 55 = -3*o + h, -2*d - 2 = 0. What are the prime factors of o?
2, 3, 5
Let b(j) = -j**3 + 11*j**2 + 15*j - 7. Suppose 4*d + 2 - 42 = 0. Let y be (-1)/(-1) + (d - -1). List the prime factors of b(y).
29
Suppose -4*w + 599 = -205. What are the prime factors of w?
3, 67
Let q be 610/(-20) - 1/(-2). Let j = q + 31. List the prime factors of 60*(4/8)/j.
2, 3, 5
Suppose 0 = 3*q - 2*q - 36. Let k = 118 + -126. What are the prime factors of (q/k + 4)*-8?
2
Suppose 12*s - 76 - 32 = 0. List the prime factors of (s - 0)/((-6)/(-54)).
3
Let y(u) = u**3 + u - 2. Let t be y(0). List the prime factors of t/12 - 21756/(-72).
2, 151
Suppose -2*w = -w - 567. Suppose 10*f - w = 3*f. What are the prime factors of f?
3
Let j(d) = d**2 + 15*d + 17. Let v be j(-14). Suppose -2*i + 370 = v*i. What are the prime factors of i?
2, 37
Let m(g) = 165*g + 171. What are the prime factors of m(6)?
3, 43
Let n(s) = -s**2 + 10*s - 11. Let u be n(9). Let y be 143/5 + (-4)/(-10). What are the prime factors of u - (1 - y) - -1?
3
Let p = 20 + -39. Let l = p + 22. Suppose l*y - 5 - 1 = 0. What are the prime factors of y?
2
Let m(g) = -g**3 - 15*g**2 - 11*g + 40. List the prime factors of m(-17).
5, 7, 23
Let w = 188 - 52. List the prime factors of w.
2, 17
Let l(h) = -500*h - 16. List the prime factors of l(-1).
2, 11
Suppose d = -4*w - 21, -w - 4*w - 5*d - 30 = 0. What are the prime factors of (-1 - 10/w)*48?
2, 3
Let x = -8 + 14. Let t(r) = 22 - 22 + r. What are the prime factors of t(x)?
2, 3
Suppose 3*y - 49 = -w, -7*y + 3*y + 62 = -2*w. Suppose 0*v - 3*h = -2*v - y, 3*v + 18 = 3*h. What are the prime factors of 120/8 - (0 + v)?
17
Let q(r) = 5*r**3 + 2*r**2 - 2*r - 2. Let p(j) = -j**2 + j. Let w be p(2). Let v be q(w). What are the prime factors of 4/(-3 - v/9)?
2, 3
Let n(r) = -r**3 - 3*r**2 + 2. Let t(l) = -l**3 + l**2 + l. Let u(a) = -n(a) - 5*t(a). What are the prime factors of u(3)?
127
Suppose 5*y = 16 - 1. Suppose -y*s + 98 = -s. What are the prime factors of s?
7
Suppose 0 = -4*y + 100 - 12. Let i = -22 + y. Suppose 100 = 3*a + r, 4*a + i*a = r + 131. List the prime factors of a.
3, 11
Let d = 7 + -10. Let y be ((-35)/(-4) - d)*4. Let w = y - 23. List the prime factors of w.
2, 3
Suppose 19 - 2 = -y - 4*k, -123 = 5*y + k. Suppose 4*d = v - 21, -d + 179 = 4*v + 27. Let r = v + y. List the prime factors of r.
2, 3
Suppose 5*a - 58 = -18. Suppose 4*q = -3*b + 110, a = -2*b + 5*q + 66. List the prime factors of b.
2, 17
Let j = 10 + -13. Let s(z) = 5*z**3 + 5*z**2 + z + 10. Let r(k) = 4*k**3 + 6*k**2 + 2*k + 9. Let m(f) = j*s(f) + 4*r(f). List the prime factors of m(-7).
3, 23
Let h = 28 + -28. List the prime factors of 7*(-2 - (2 + h + -19)).
3, 5, 7
Suppose 9*x - 290 = 4*x. Let s(q) = 63 - x - q**2 + 5*q + 9*q. What are